 w(10)?
3
Let i(w) = 3*w**2 - 6*w + 5. Let f(h) = -h**2 + 2*h + 12. Let k be f(4). Calculate the remainder when 84 is divided by i(k).
26
Let o = 12935 - 12897. Calculate the remainder when 148 is divided by o.
34
Let c(i) = -11*i + 252. What is the remainder when 1779 is divided by c(21)?
15
Let n be -7*(-6)/42 - (-415 + 2). Suppose 19*s = s + n. Calculate the remainder when s is divided by 16.
7
Let f be 3/(-6) + (1292/8 - 3). Let o = -90 + f. What is the remainder when 132 is divided by o?
64
Let x(o) be the third derivative of 7*o**5/60 + o**4/24 - 2*o**3/3 + o**2 + 4*o. What is the remainder when x(2) is divided by 7?
5
Suppose 14*k = -5*k + 5*k + 5320. What is the remainder when k is divided by 64?
60
Let l be (5 + 11/(-4))/((-3)/(-536)). Suppose -201 = -a + t, -6*a + 4*a = -3*t - l. Calculate the remainder when a is divided by 51.
48
Let h = -37557 - -37730. What is the remainder when h is divided by 173?
0
Let c(m) = 29*m + 4. What is the remainder when c(6) is divided by 22/(-88)*104*-1?
22
Suppose -3*p = -9, -l - 1 = 3*p - 29. What is the remainder when 379 is divided by l?
18
What is the remainder when (874/114)/((-996)/333 + 3) is divided by 86?
77
Let l(t) = -t**3 + 19*t**2 - 35*t - 120. What is the remainder when 1423 is divided by l(12)?
19
Let n be ((2 - 2)/(-5))/(3/3). Suppose -c + 107 = 3*c + i, -3*i + 9 = n. Calculate the remainder when c is divided by 19.
7
Let o(p) = -p**2 + 10*p + 19. Let t be o(11). Suppose -t*w - 5 = -253. Let s = w + -22. Calculate the remainder when 26 is divided by s.
8
Let z(s) = s**2 - 15*s - 786. Calculate the remainder when 66 is divided by z(37).
10
Let c(w) = -w**3 + 24*w**2 + 33*w - 198. Let f = 17 - 12. Calculate the remainder when f is divided by c(25).
1
Suppose 0 = -2*k - 5*g + 14, -3*g - 1 = -4*k + 1. Let t = -15 + 17. Calculate the remainder when 18 is divided by ((3/t)/((-12)/(-80)))/k.
3
Let w be (-2 - 24/(-15))*-25. Suppose -2*t = -w - 248. What is the remainder when t is divided by 26?
25
Suppose -21*x = -12*x - 4833. Let a(f) = f**2 - f - 364. Let j be a(0). Let u = x + j. Calculate the remainder when u is divided by 25.
23
Suppose -17*h = -4*h - 10*h. Let b(n) = -2*n**2 - 5*n + 107. Let a(o) = o**3 + 4*o**2 - 6*o - 2. Calculate the remainder when b(h) is divided by a(-4).
19
Let a be ((-2260)/15)/((-10)/15). Suppose 0 = 4*o + j - 270, -5*j + a = 3*o + 15. Let y = -2 + 16. Calculate the remainder when o is divided by y.
11
Let v = -92 + 104. Calculate the remainder when 34 is divided by (-38)/v*120/(-20).
15
Let b(c) = 9*c**2 + c - 23. Calculate the remainder when b(4) is divided by (6/(-4))/(86/(-28) - -3).
20
Let f(z) = -7*z + 6. Let h be f(0). Calculate the remainder when 26 is divided by (-3*h/4)/((-6)/12).
8
Let h = -9 + 9. Suppose -2*w - o + h*o + 4 = 0, -o = 4*w - 12. Let p(r) = 14*r. What is the remainder when p(w) is divided by 15?
11
Suppose -2*t + 263 = x, 563*x - 14 = 561*x. Calculate the remainder when 519 is divided by t.
7
Let n = -13 - -30. Suppose n = 2*b - 21. What is the remainder when -9 + 57 - 35/(-5) is divided by b?
17
Suppose 115*c + 56 = 129*c. What is the remainder when 287 is divided by c/5*525/42?
7
Let n(i) = -i**2 - 9*i - 7. Let m be (2 - (-1056)/14) + 18/(-42). Let c = m - 83. Calculate the remainder when 38 is divided by n(c).
5
Suppose f - 69 = 3*y, -23*y + 28*y + 71 = f. What is the remainder when 86 is divided by f?
20
Let d(r) = -2*r**3 - 9*r**2 - 5*r - 4. Let u be d(-6). Let x = -1067 - -1256. Let q = x - u. What is the remainder when q is divided by 14?
13
Let s = 18143 + -18084. Calculate the remainder when s is divided by 46.
13
Let d(x) = 742*x + 5519. What is the remainder when d(-6) is divided by 310?
137
Let l = 5686 - 5650. Calculate the remainder when l is divided by 8.
4
Let v(q) be the second derivative of -q**4/12 - 2*q**3 - 10*q**2 - q. Let j be -5 - (6 + (48/4)/(-4)). What is the remainder when 45 is divided by v(j)?
9
What is the remainder when (-2*274/8)/(14/728*-2) is divided by 51?
47
Let w = 69 - 71. Let r be w/7 + -255*(-4)/42. Suppose 8*z = 144 - r. Calculate the remainder when 87 is divided by z.
12
Calculate the remainder when (-484)/(-4) - (-1 - 3) is divided by -9*1/(-72) - (-167)/8.
20
Suppose -145*h + 67566 - 12031 = 0. What is the remainder when h is divided by 134?
115
Let l be 8 + (-13 + 9)*2. Suppose 68*t + 1600 - 15132 = l. Calculate the remainder when t is divided by 12.
7
Let f = 223 + -198. Suppose 2*i - 16 - 26 = 0. What is the remainder when i is divided by -5*(4 + (-35)/f + -5)?
9
Let m(r) = 3*r**2 + 2*r + 1. Let h = -16631 + 16650. Calculate the remainder when h is divided by m(-2).
1
Suppose 3*o - 522 = 287*h - 274*h, -5*o - 4*h + 1101 = 0. What is the remainder when 837 is divided by o?
198
Let l be ((-3)/4*10)/(15/(-20)). Calculate the remainder when 3/(6/248) + (7 - l) is divided by 32.
25
Let y(p) = -3*p**2 - 266*p + 775. What is the remainder when y(-86) is divided by 78?
59
Let l(v) = 1473*v - 7217. Calculate the remainder when 178 is divided by l(5).
30
Let t(c) = -3*c - 18. Let g be t(-7). Suppose r - 14 = -g*i, i = 4*r - 7 - 10. Calculate the remainder when 28 is divided by i.
1
Let d = 360 - 340. Let f(v) = -v**2 - 20*v + 1. Calculate the remainder when f(-18) is divided by d.
17
Suppose 5*l + 2*k + 0*k - 236 = 0, -4*l + 194 = -k. Calculate the remainder when 160 is divided by 1136/l + 2/(-3).
22
Calculate the remainder when 862 is divided by 410/17 - 42/357.
22
Suppose 9 = -4*i + 93. Suppose 72 = i*x - 18*x. What is the remainder when 43 is divided by x?
19
Let j(h) = h**2 + 10*h + 14. Let k be j(-9). What is the remainder when 78 is divided by 148*1/20 + 3/k?
6
Suppose 348 = -5*j + 963. Let a(d) = -d**2 + 14 - j*d + 2*d**2 + 115*d. Calculate the remainder when 39 is divided by a(7).
4
Suppose 0 = 2*t - 4*t + 8. Suppose -2*x = 2*j - 14, -t*x + 2 = -j + 24. Let b = 18 - 14. Calculate the remainder when j is divided by b.
2
Let w = 9324 - 9202. What is the remainder when w is divided by 26?
18
Suppose 3181 = 5*b - 5*p - 1439, -5*b = 5*p - 4640. Calculate the remainder when b is divided by 24.
14
Suppose 29*m - 17 - 157 = 0. What is the remainder when 106 is divided by m?
4
Let c(o) = -2*o**3 + 31*o**2 + 16*o. Let r be c(16). Let t(z) = -4*z + z - 1 + 7*z + r*z. What is the remainder when 19 is divided by t(3)?
8
Let c(i) = 117*i - 126. Let r be c(2). Let p = r - -201. Calculate the remainder when p is divided by 6.
3
Let n(h) = 81*h**3 + 1. Calculate the remainder when n(1) is divided by 29.
24
Suppose -3*d = -6*d + 72. Suppose 10 = -6*y + 88. Suppose 336 = -9*q + y*q. What is the remainder when q is divided by d?
12
Suppose 17 - 125 = 8*g - 844. Calculate the remainder when g is divided by 78.
14
Let f = 149 + -88. Suppose -4*m - 3*o - 667 = 115, -5*m = 5*o + 975. Let p = m + 210. What is the remainder when f is divided by p?
9
Suppose -17*g - 5*i + 2030 = -16*g, 4*g = 4*i + 8120. What is the remainder when g is divided by 34?
24
Let z = -237 + 279. Calculate the remainder when 518/z - (8/6)/(-2) is divided by 7.
6
Suppose -6792 + 13104 = 4*j. What is the remainder when j is divided by 10?
8
Suppose -42*y + 41*y - 238 = -5*c, 2*c - 112 = -2*y. What is the remainder when 19647 is divided by c?
47
Suppose -328 = -85*b + 93*b. Let a(f) = -f**2 - 33*f + 335. What is the remainder when 22 is divided by a(b)?
1
Suppose 192 = 5*k - 2*l + 27, -k = 3*l - 16. What is the remainder when 1641 is divided by k?
29
Let p(r) = 3*r + 16. Let j be p(9). Let n = 57 - j. Suppose 69 = n*b - 57. What is the remainder when 23 is divided by b?
5
Suppose 0 = -19*u + 216 + 221. Suppose -3*s - 9 = -4*s. Suppose 6*i + 21 = s*i. Calculate the remainder when u is divided by i.
2
Let c(y) = 5*y**3 + 2*y**2 - 2*y. Let i be c(1). Suppose -3*l + 33 = i*o, -4*l - 7 = 6*o - 5*o. Calculate the remainder when 15 is divided by o.
6
Let r(g) = 2*g - 9. Suppose 260*v + 1874 = 275*v + 14. What is the remainder when v is divided by r(6)?
1
Suppose 5*g - 27*u - 1778 = -29*u, 5*u = 20. Calculate the remainder when g is divided by 333.
21
Suppose -7*k + 517 = 1861. Let b = k + 344. What is the remainder when b is divided by 14?
12
Let w(p) be the second derivative of p**4/12 + p**3 - 9*p**2/2 - 2*p. Let d be w(-7). Calculate the remainde